{"id":46,"date":"2024-09-24T09:39:15","date_gmt":"2024-09-24T09:39:15","guid":{"rendered":"https:\/\/radente.es\/vallecas\/?page_id=46"},"modified":"2025-03-04T10:02:10","modified_gmt":"2025-03-04T10:02:10","slug":"lista-de-espera","status":"publish","type":"page","link":"https:\/\/radente.es\/vallecas\/lista-de-espera\/","title":{"rendered":"Lista de espera"},"content":{"rendered":"<p>[et_pb_section fb_built=\u00bb1&#8243; admin_label=\u00bbHeader\u00bb _builder_version=\u00bb4.27.0&#8243; _module_preset=\u00bbdefault\u00bb global_colors_info=\u00bb{}\u00bb][et_pb_row column_structure=\u00bb1_2,1_2&#8243; _builder_version=\u00bb4.27.0&#8243; _module_preset=\u00bbdefault\u00bb global_colors_info=\u00bb{}\u00bb][et_pb_column type=\u00bb1_2&#8243; _builder_version=\u00bb4.27.0&#8243; _module_preset=\u00bbdefault\u00bb global_colors_info=\u00bb{}\u00bb][et_pb_heading title=\u00bbLISTA\u00bb _builder_version=\u00bb4.27.2&#8243; _module_preset=\u00bbb9862f59-02cd-429f-9b28-0ca01605474e\u00bb title_text_color=\u00bbgcid-primary-color\u00bb locked=\u00bboff\u00bb global_colors_info=\u00bb{%22gcid-primary-color%22:%91%22title_text_color%22%93}\u00bb][\/et_pb_heading][et_pb_heading title=\u00bbAp\u00fantate a la lista de espera\u00bb _builder_version=\u00bb4.27.0&#8243; _module_preset=\u00bb8f31e5a1-d0d5-46d7-b978-f12dcc224989&#8243; custom_margin=\u00bb||10px||false|false\u00bb locked=\u00bboff\u00bb global_colors_info=\u00bb{}\u00bb][\/et_pb_heading][et_pb_text _builder_version=\u00bb4.27.0&#8243; _module_preset=\u00bb4c58e86d-8899-4650-8a0f-77f1d9e3551e\u00bb locked=\u00bboff\u00bb global_colors_info=\u00bb{}\u00bb]<\/p>\n<p>Te mantendremos informado en todo momento sobre la evoluci\u00f3n de las obras y las fechas para entrar a vivir.<\/p>\n<p>[\/et_pb_text][\/et_pb_column][et_pb_column type=\u00bb1_2&#8243; _builder_version=\u00bb4.27.0&#8243; _module_preset=\u00bbdefault\u00bb global_colors_info=\u00bb{}\u00bb][et_pb_signup provider=\u00bbmailpoet\u00bb mailpoet_list=\u00bbVallecas Sierra de Palomeras|3&#8243; name_field=\u00bbon\u00bb success_message=\u00bbGracias por apuntarte, te mantendremos informado.\u00bb button_text=\u00bbMe apunto\u00bb use_spam_service=\u00bbon\u00bb recaptcha_list=\u00bbAlquileres Vallecas-0&#8243; _builder_version=\u00bb4.27.0&#8243; _module_preset=\u00bbdefault\u00bb custom_margin=\u00bb40px|||||\u00bb global_colors_info=\u00bb{}\u00bb][\/et_pb_signup][et_pb_text _builder_version=\u00bb4.27.2&#8243; _module_preset=\u00bbdefault\u00bb global_colors_info=\u00bb{}\u00bb]<\/p>\n<p>Cuando te suscribes aceptas recibir informaci\u00f3n sobre nuestros alquileres y est\u00e1s de acuerdo con nuestra <a href=\"https:\/\/radente.es\/vallecas\/privacy-policy\/\" target=\"_blank\" rel=\"noopener\">pol\u00edtica de privacidad<\/a>. Puedes anular tu suscripci\u00f3n en cualquier momento.<\/p>\n<p>[\/et_pb_text][\/et_pb_column][\/et_pb_row][\/et_pb_section][et_pb_section fb_built=\u00bb1&#8243; admin_label=\u00bbMap\u00bb _builder_version=\u00bb4.27.0&#8243; custom_padding=\u00bb0px||0px||true|false\u00bb collapsed=\u00bbon\u00bb global_colors_info=\u00bb{}\u00bb][et_pb_row disabled_on=\u00bbon|on|off\u00bb _builder_version=\u00bb4.27.0&#8243; width=\u00bb95%\u00bb width_tablet=\u00bb80%\u00bb width_phone=\u00bb\u00bb width_last_edited=\u00bbon|tablet\u00bb max_width=\u00bb1402px\u00bb module_alignment=\u00bbcenter\u00bb custom_padding=\u00bb0px||0px||true|\u00bb module_alignment_tablet=\u00bbcenter\u00bb module_alignment_phone=\u00bb\u00bb module_alignment_last_edited=\u00bbon|tablet\u00bb global_colors_info=\u00bb{}\u00bb][et_pb_column type=\u00bb4_4&#8243; _builder_version=\u00bb4.27.0&#8243; global_colors_info=\u00bb{}\u00bb][et_pb_code disabled_on=\u00bboff|off|off\u00bb _builder_version=\u00bb4.27.0&#8243; _module_preset=\u00bbdefault\u00bb module_alignment=\u00bbcenter\u00bb custom_padding=\u00bb7px||119px|||\u00bb global_colors_info=\u00bb{}\u00bb]<\/p>\n<div class=\"mapouter\">\n<div class=\"gmap_canvas\"><iframe loading=\"lazy\" width=\"1400\" height=\"400\" id=\"gmap_canvas\" src=\"https:\/\/maps.google.com\/maps?q=calle%20sierra%20de%20Palomeras%2032%20Madrid&#038;t=&#038;z=17&#038;ie=UTF8&#038;iwloc=&#038;output=embed\" frameborder=\"0\" scrolling=\"no\" marginheight=\"0\" marginwidth=\"0\"><\/iframe><a href=\"http:\/\/vin-odometer.info\">vin-odometer.info<\/a><!\u2013- [et_pb_br_holder] -\u2013><\/p>\n<style>.mapouter{position:relative;text-align:right;height:400px;width:1400px;}<\/style>\n<p><a href=\"https:\/\/embedmaps.info\">Embed Google Maps<\/a><\/p>\n<style>.gmap_canvas {overflow:hidden;background:none!important;height:400px;width:1400px;}<\/style>\n<\/div>\n<\/div>\n<p>[\/et_pb_code][\/et_pb_column][\/et_pb_row][et_pb_row disabled_on=\u00bbon|off|on\u00bb _builder_version=\u00bb4.27.0&#8243; width=\u00bb100%\u00bb width_tablet=\u00bb100%\u00bb width_phone=\u00bb\u00bb width_last_edited=\u00bbon|tablet\u00bb max_width=\u00bb602px\u00bb module_alignment=\u00bbcenter\u00bb min_height=\u00bb700px\u00bb custom_padding=\u00bb56px||56px||true|false\u00bb module_alignment_tablet=\u00bbcenter\u00bb module_alignment_phone=\u00bb\u00bb module_alignment_last_edited=\u00bbon|desktop\u00bb global_colors_info=\u00bb{}\u00bb][et_pb_column type=\u00bb4_4&#8243; _builder_version=\u00bb4.27.0&#8243; global_colors_info=\u00bb{}\u00bb][et_pb_code disabled_on=\u00bboff|off|off\u00bb _builder_version=\u00bb4.27.0&#8243; _module_preset=\u00bbdefault\u00bb text_orientation=\u00bbcenter\u00bb module_alignment=\u00bbcenter\u00bb custom_margin=\u00bb0px||||false|false\u00bb custom_padding=\u00bb0px||352px||false|false\u00bb global_colors_info=\u00bb{}\u00bb]<\/p>\n<div class=\"mapouter\">\n<div class=\"gmap_canvas2\"><iframe loading=\"lazy\" width=\"600\" height=\"700\" id=\"gmap_canvas2\" src=\"https:\/\/maps.google.com\/maps?q=calle%20sierra%20de%20Palomeras%2032%20Madrid&#038;t=&#038;z=17&#038;ie=UTF8&#038;iwloc=&#038;output=embed\" frameborder=\"0\" scrolling=\"no\" marginheight=\"0\" marginwidth=\"0\"><\/iframe><a href=\"http:\/\/vin-odometer.info\">vin-odometer.info<\/a><!\u2013- [et_pb_br_holder] -\u2013><\/p>\n<style>.mapouter{position:relative;text-align:right;height:700px;width:600px;}<\/style>\n<p><a href=\"https:\/\/embedmaps.info\">Embed Google Maps<\/a><\/p>\n<style>.gmap_canvas2 {overflow:hidden;background:none!important;height:700px;width:600px;}<\/style>\n<\/div>\n<\/div>\n<p>[\/et_pb_code][\/et_pb_column][\/et_pb_row][et_pb_row disabled_on=\u00bboff|on|on\u00bb _builder_version=\u00bb4.27.0&#8243; width=\u00bb95%\u00bb width_tablet=\u00bb80%\u00bb width_phone=\u00bb\u00bb width_last_edited=\u00bbon|tablet\u00bb max_width=\u00bb302px\u00bb module_alignment=\u00bbcenter\u00bb custom_padding=\u00bb0px||0px||true|\u00bb module_alignment_tablet=\u00bbcenter\u00bb module_alignment_phone=\u00bb\u00bb module_alignment_last_edited=\u00bbon|tablet\u00bb global_colors_info=\u00bb{}\u00bb][et_pb_column type=\u00bb4_4&#8243; _builder_version=\u00bb4.27.0&#8243; global_colors_info=\u00bb{}\u00bb][et_pb_code disabled_on=\u00bboff|off|off\u00bb _builder_version=\u00bb4.27.0&#8243; _module_preset=\u00bbdefault\u00bb module_alignment=\u00bbcenter\u00bb custom_padding=\u00bb8px||54px||false|false\u00bb global_colors_info=\u00bb{}\u00bb]<\/p>\n<div class=\"mapouter\">\n<div class=\"gmap_canvas3\"><iframe loading=\"lazy\" width=\"300\" height=\"350\" id=\"gmap_canvas3\" src=\"https:\/\/maps.google.com\/maps?q=calle%20sierra%20de%20Palomeras%2032%20Madrid&#038;t=&#038;z=17&#038;ie=UTF8&#038;iwloc=&#038;output=embed\" frameborder=\"0\" scrolling=\"no\" marginheight=\"0\" marginwidth=\"0\"><\/iframe><a href=\"http:\/\/vin-odometer.info\">vin-odometer.info<\/a><!\u2013- [et_pb_br_holder] -\u2013><\/p>\n<style>.mapouter{position:relative;text-align:right;height:350px;width:300px;}<\/style>\n<p><a href=\"https:\/\/embedmaps.info\">Embed Google Maps<\/a><\/p>\n<style>.gmap_canvas3 {overflow:hidden;background:none!important;height:350px;width:300px;}<\/style>\n<\/div>\n<\/div>\n<p>[\/et_pb_code][\/et_pb_column][\/et_pb_row][\/et_pb_section]<\/p>\n","protected":false},"excerpt":{"rendered":"<p>Te mantendremos informado en todo momento sobre la evoluci\u00f3n de las obras y las fechas para entrar a vivir.Cuando te suscribes aceptas recibir informaci\u00f3n sobre nuestros alquileres y est\u00e1s de acuerdo con nuestra pol\u00edtica de privacidad. Puedes anular tu suscripci\u00f3n en cualquier momento.<\/p>\n","protected":false},"author":1,"featured_media":0,"parent":0,"menu_order":0,"comment_status":"closed","ping_status":"closed","template":"","meta":{"_et_pb_use_builder":"on","_et_pb_old_content":"","_et_gb_content_width":"","footnotes":""},"class_list":["post-46","page","type-page","status-publish","hentry"],"_links":{"self":[{"href":"https:\/\/radente.es\/vallecas\/wp-json\/wp\/v2\/pages\/46","targetHints":{"allow":["GET"]}}],"collection":[{"href":"https:\/\/radente.es\/vallecas\/wp-json\/wp\/v2\/pages"}],"about":[{"href":"https:\/\/radente.es\/vallecas\/wp-json\/wp\/v2\/types\/page"}],"author":[{"embeddable":true,"href":"https:\/\/radente.es\/vallecas\/wp-json\/wp\/v2\/users\/1"}],"replies":[{"embeddable":true,"href":"https:\/\/radente.es\/vallecas\/wp-json\/wp\/v2\/comments?post=46"}],"version-history":[{"count":29,"href":"https:\/\/radente.es\/vallecas\/wp-json\/wp\/v2\/pages\/46\/revisions"}],"predecessor-version":[{"id":433,"href":"https:\/\/radente.es\/vallecas\/wp-json\/wp\/v2\/pages\/46\/revisions\/433"}],"wp:attachment":[{"href":"https:\/\/radente.es\/vallecas\/wp-json\/wp\/v2\/media?parent=46"}],"curies":[{"name":"wp","href":"https:\/\/api.w.org\/{rel}","templated":true}]}}